{"id":104,"date":"2025-07-19T10:45:38","date_gmt":"2025-07-19T10:45:38","guid":{"rendered":"https:\/\/artisan-depannage24-7.com\/?page_id=104"},"modified":"2025-12-22T16:06:04","modified_gmt":"2025-12-22T16:06:04","slug":"nous-contacter","status":"publish","type":"page","link":"https:\/\/artisan-depannage24-7.com\/index.php\/nous-contacter\/","title":{"rendered":"Nous contacter"},"content":{"rendered":"<style>.elementor-104 .elementor-element.elementor-element-3757b39c > .elementor-container{max-width:1170px;}.elementor-104 .elementor-element.elementor-element-3757b39c:not(.elementor-motion-effects-element-type-background), .elementor-104 .elementor-element.elementor-element-3757b39c > .elementor-motion-effects-container > .elementor-motion-effects-layer{background-color:#F2F2F2;}.elementor-104 .elementor-element.elementor-element-3757b39c > .elementor-background-overlay{background-image:url(\"https:\/\/artisan-depannage24-7.com\/wp-content\/uploads\/2025\/07\/background.jpg\");background-position:center center;background-size:cover;opacity:0.01;transition:background 0.3s, border-radius 0.3s, opacity 0.3s;}.elementor-104 .elementor-element.elementor-element-3757b39c{transition:background 0.3s, border 0.3s, border-radius 0.3s, box-shadow 0.3s;padding:100px 0px 100px 0px;}.elementor-104 .elementor-element.elementor-element-6de67830.elementor-column > .elementor-widget-wrap{justify-content:center;}.elementor-104 .elementor-element.elementor-element-7d1c5271 .jeg-elementor-kit.jkit-heading{text-align:center;}.elementor-104 .elementor-element.elementor-element-7d1c5271 .jeg-elementor-kit.jkit-heading .heading-title{font-family:var( --e-global-typography-91cb5d9-font-family ), Sans-serif;font-size:var( --e-global-typography-91cb5d9-font-size );font-weight:var( --e-global-typography-91cb5d9-font-weight );text-transform:var( --e-global-typography-91cb5d9-text-transform );line-height:var( --e-global-typography-91cb5d9-line-height );letter-spacing:var( --e-global-typography-91cb5d9-letter-spacing );word-spacing:var( --e-global-typography-91cb5d9-word-spacing );color:var( --e-global-color-primary );}.elementor-104 .elementor-element.elementor-element-7d1c5271 .jeg-elementor-kit.jkit-heading .heading-section-title{margin:-10px 0px -10px 0px;}.elementor-104 .elementor-element.elementor-element-7d1c5271 .jeg-elementor-kit.jkit-heading .heading-title > span{color:var( --e-global-color-accent );}.elementor-104 .elementor-element.elementor-element-7d1c5271 .jeg-elementor-kit.jkit-heading .separator-wrapper.style-dotted, .elementor-104 .elementor-element.elementor-element-7d1c5271 .jeg-elementor-kit.jkit-heading .separator-wrapper.style-solid, .elementor-104 .elementor-element.elementor-element-7d1c5271 .jeg-elementor-kit.jkit-heading .separator-wrapper.style-solid-star, .elementor-104 .elementor-element.elementor-element-7d1c5271 .jeg-elementor-kit.jkit-heading .separator-wrapper.style-solid-bullet{width:100px;}.elementor-104 .elementor-element.elementor-element-7d1c5271 .jeg-elementor-kit.jkit-heading .separator-wrapper:not(.style-custom), .elementor-104 .elementor-element.elementor-element-7d1c5271 .jeg-elementor-kit.jkit-heading .separator-wrapper.style-dotted:after{height:2px;}.elementor-104 .elementor-element.elementor-element-7d1c5271 .jeg-elementor-kit.jkit-heading .heading-section-separator{margin:0px 0px -22px 275px;}.elementor-104 .elementor-element.elementor-element-7d1c5271 .jeg-elementor-kit.jkit-heading .separator-wrapper.style-dotted, .elementor-104 .elementor-element.elementor-element-7d1c5271 .jeg-elementor-kit.jkit-heading .separator-wrapper.style-solid{background:var( --e-global-color-accent );}.elementor-104 .elementor-element.elementor-element-7d1c5271 .jeg-elementor-kit.jkit-heading .separator-wrapper.style-dotted:after{background-color:var( --e-global-color-accent );box-shadow:var( --e-global-color-accent );}.elementor-104 .elementor-element.elementor-element-7d1c5271 .jeg-elementor-kit.jkit-heading .separator-wrapper.style-solid-bullet, .elementor-104 .elementor-element.elementor-element-7d1c5271 .jeg-elementor-kit.jkit-heading .separator-wrapper.style-solid-star{background:var( --e-global-color-accent );}.elementor-104 .elementor-element.elementor-element-7d1c5271 .jeg-elementor-kit.jkit-heading .separator-wrapper.style-solid-bullet:after, .elementor-104 .elementor-element.elementor-element-7d1c5271 .jeg-elementor-kit.jkit-heading .separator-wrapper.style-solid-star:after{background-color:var( --e-global-color-accent );}.elementor-104 .elementor-element.elementor-element-7d1c5271{margin:0px 0px calc(var(--kit-widget-spacing, 0px) + 30px) -116px;width:auto;max-width:auto;}.elementor-104 .elementor-element.elementor-element-6dc836ef{text-align:center;}.elementor-104 .elementor-element.elementor-element-6dc836ef .elementor-heading-title{font-family:var( --e-global-typography-secondary-font-family ), Sans-serif;font-size:var( --e-global-typography-secondary-font-size );font-weight:var( --e-global-typography-secondary-font-weight );line-height:var( --e-global-typography-secondary-line-height );color:var( --e-global-color-primary );}.elementor-104 .elementor-element.elementor-element-75d833b4{text-align:center;font-family:var( --e-global-typography-text-font-family ), Sans-serif;font-size:var( --e-global-typography-text-font-size );font-weight:var( --e-global-typography-text-font-weight );line-height:var( --e-global-typography-text-line-height );color:var( --e-global-color-text );padding:0% 26% 0% 26%;}.elementor-104 .elementor-element.elementor-element-70b3af94 .elementor-icon-box-wrapper{gap:14px;}.elementor-104 .elementor-element.elementor-element-70b3af94 .elementor-icon-box-title{margin-block-end:10px;color:var( --e-global-color-primary );}.elementor-104 .elementor-element.elementor-element-70b3af94.elementor-view-stacked .elementor-icon{background-color:var( --e-global-color-06a34e7 );fill:var( --e-global-color-primary );color:var( --e-global-color-primary );}.elementor-104 .elementor-element.elementor-element-70b3af94.elementor-view-framed .elementor-icon, .elementor-104 .elementor-element.elementor-element-70b3af94.elementor-view-default .elementor-icon{fill:var( --e-global-color-06a34e7 );color:var( --e-global-color-06a34e7 );border-color:var( --e-global-color-06a34e7 );}.elementor-104 .elementor-element.elementor-element-70b3af94.elementor-view-framed .elementor-icon{background-color:var( --e-global-color-primary );}.elementor-104 .elementor-element.elementor-element-70b3af94 .elementor-icon{font-size:30px;padding:14px;border-width:0px 0px 0px 0px;}.elementor-104 .elementor-element.elementor-element-70b3af94 .elementor-icon-box-title, .elementor-104 .elementor-element.elementor-element-70b3af94 .elementor-icon-box-title a{font-family:var( --e-global-typography-a1d69c8-font-family ), Sans-serif;font-size:var( --e-global-typography-a1d69c8-font-size );font-weight:var( --e-global-typography-a1d69c8-font-weight );line-height:var( --e-global-typography-a1d69c8-line-height );letter-spacing:var( --e-global-typography-a1d69c8-letter-spacing );word-spacing:var( --e-global-typography-a1d69c8-word-spacing );}.elementor-104 .elementor-element.elementor-element-70b3af94 .elementor-icon-box-description{font-family:\"Heebo\", Sans-serif;font-size:23px;font-weight:300;line-height:1.5em;color:var( --e-global-color-text );}.elementor-104 .elementor-element.elementor-element-67ee8184 > .elementor-container{max-width:1170px;}.elementor-104 .elementor-element.elementor-element-67ee8184 > .elementor-background-overlay{background-image:url(\"https:\/\/artisan-depannage24-7.com\/wp-content\/uploads\/2025\/07\/background.jpg\");background-position:center center;background-size:cover;opacity:0.01;}.elementor-104 .elementor-element.elementor-element-67ee8184{margin-top:50px;margin-bottom:50px;padding:0px 10px 0px 10px;z-index:2;}.elementor-104 .elementor-element.elementor-element-4d0c9654 iframe{height:636px;filter:brightness( 58% ) contrast( 146% ) saturate( 124% ) blur( 0px ) hue-rotate( 0deg );}.elementor-104 .elementor-element.elementor-element-2bcd7ca > .elementor-element-populated{border-style:solid;border-width:1px 1px 1px 1px;border-color:#000000;margin:0px 0px 0px 0px;--e-column-margin-right:0px;--e-column-margin-left:0px;padding:40px 60px 0px 60px;}@media(max-width:1024px){.elementor-104 .elementor-element.elementor-element-3757b39c{padding:80px 10px 80px 10px;}.elementor-104 .elementor-element.elementor-element-7d1c5271 .jeg-elementor-kit.jkit-heading .heading-title{font-size:var( --e-global-typography-91cb5d9-font-size );line-height:var( --e-global-typography-91cb5d9-line-height );letter-spacing:var( --e-global-typography-91cb5d9-letter-spacing );word-spacing:var( --e-global-typography-91cb5d9-word-spacing );}.elementor-104 .elementor-element.elementor-element-6dc836ef .elementor-heading-title{font-size:var( --e-global-typography-secondary-font-size );line-height:var( --e-global-typography-secondary-line-height );}.elementor-104 .elementor-element.elementor-element-75d833b4{font-size:var( --e-global-typography-text-font-size );line-height:var( --e-global-typography-text-line-height );padding:0% 10% 0% 10%;}.elementor-104 .elementor-element.elementor-element-70b3af94 .elementor-icon-box-title, .elementor-104 .elementor-element.elementor-element-70b3af94 .elementor-icon-box-title a{font-size:var( --e-global-typography-a1d69c8-font-size );line-height:var( --e-global-typography-a1d69c8-line-height );letter-spacing:var( --e-global-typography-a1d69c8-letter-spacing );word-spacing:var( --e-global-typography-a1d69c8-word-spacing );}.elementor-104 .elementor-element.elementor-element-67ee8184{padding:0px 20px 80px 20px;}}@media(max-width:767px){.elementor-104 .elementor-element.elementor-element-3757b39c{padding:40px 10px 40px 10px;}.elementor-104 .elementor-element.elementor-element-7d1c5271 .jeg-elementor-kit.jkit-heading .heading-title{font-size:var( --e-global-typography-91cb5d9-font-size );line-height:var( --e-global-typography-91cb5d9-line-height );letter-spacing:var( --e-global-typography-91cb5d9-letter-spacing );word-spacing:var( --e-global-typography-91cb5d9-word-spacing );}.elementor-104 .elementor-element.elementor-element-7d1c5271 .jeg-elementor-kit.jkit-heading .separator-wrapper.style-dotted, .elementor-104 .elementor-element.elementor-element-7d1c5271 .jeg-elementor-kit.jkit-heading .separator-wrapper.style-solid, .elementor-104 .elementor-element.elementor-element-7d1c5271 .jeg-elementor-kit.jkit-heading .separator-wrapper.style-solid-star, .elementor-104 .elementor-element.elementor-element-7d1c5271 .jeg-elementor-kit.jkit-heading .separator-wrapper.style-solid-bullet{width:80px;}.elementor-104 .elementor-element.elementor-element-7d1c5271 .jeg-elementor-kit.jkit-heading .heading-section-separator{margin:0px 0px -22px 200px;}.elementor-104 .elementor-element.elementor-element-7d1c5271{margin:0px 0px calc(var(--kit-widget-spacing, 0px) + 30px) -100px;}.elementor-104 .elementor-element.elementor-element-6dc836ef .elementor-heading-title{font-size:var( --e-global-typography-secondary-font-size );line-height:var( --e-global-typography-secondary-line-height );}.elementor-104 .elementor-element.elementor-element-75d833b4{font-size:var( --e-global-typography-text-font-size );line-height:var( --e-global-typography-text-line-height );padding:0px 0px 0px 0px;}.elementor-104 .elementor-element.elementor-element-70b3af94 .elementor-icon{font-size:24px;}.elementor-104 .elementor-element.elementor-element-70b3af94 .elementor-icon-box-title, .elementor-104 .elementor-element.elementor-element-70b3af94 .elementor-icon-box-title a{font-size:var( --e-global-typography-a1d69c8-font-size );line-height:var( --e-global-typography-a1d69c8-line-height );letter-spacing:var( --e-global-typography-a1d69c8-letter-spacing );word-spacing:var( --e-global-typography-a1d69c8-word-spacing );}.elementor-104 .elementor-element.elementor-element-70b3af94 .elementor-icon-box-description{font-size:14px;}}<\/style>\t\t<div data-elementor-type=\"wp-page\" data-elementor-id=\"104\" class=\"elementor elementor-104\">\n\t\t\t\t\t\t<section class=\"elementor-section elementor-top-section elementor-element elementor-element-3757b39c elementor-section-boxed elementor-section-height-default elementor-section-height-default\" data-id=\"3757b39c\" data-element_type=\"section\" data-e-type=\"section\" data-settings=\"{&quot;background_background&quot;:&quot;classic&quot;}\">\n\t\t\t\t\t\t\t<div class=\"elementor-background-overlay\"><\/div>\n\t\t\t\t\t\t\t<div class=\"elementor-container elementor-column-gap-default\">\n\t\t\t\t\t<div class=\"elementor-column elementor-col-100 elementor-top-column elementor-element elementor-element-6de67830\" data-id=\"6de67830\" data-element_type=\"column\" data-e-type=\"column\">\n\t\t\t<div class=\"elementor-widget-wrap elementor-element-populated\">\n\t\t\t\t\t\t<div class=\"elementor-element elementor-element-7d1c5271 animated-slow elementor-widget__width-auto elementor-invisible elementor-widget elementor-widget-jkit_heading\" data-id=\"7d1c5271\" data-element_type=\"widget\" data-e-type=\"widget\" data-settings=\"{&quot;_animation&quot;:&quot;fadeInUp&quot;}\" data-widget_type=\"jkit_heading.default\">\n\t\t\t\t\t<div  class=\"jeg-elementor-kit jkit-heading  align-center align-tablet- align-mobile- jeg_module___69e9e9cb942c3\" ><div class=\"heading-section-separator\"><div class=\"separator-wrapper style-solid\"><\/div><\/div><div class=\"heading-section-title  display-inline-block\"><h5 class=\"heading-title\">Contactez-nous<\/h5><\/div><\/div>\t\t\t\t<\/div>\n\t\t\t\t<div class=\"elementor-element elementor-element-6dc836ef elementor-widget elementor-widget-heading\" data-id=\"6dc836ef\" data-element_type=\"widget\" data-e-type=\"widget\" data-widget_type=\"heading.default\">\n\t\t\t\t\t<h2 class=\"elementor-heading-title elementor-size-default\">Besoin d'aide\u00a0? Contactez Artisan Locksmith<\/h2>\t\t\t\t<\/div>\n\t\t\t\t<div class=\"elementor-element elementor-element-75d833b4 elementor-widget elementor-widget-text-editor\" data-id=\"75d833b4\" data-element_type=\"widget\" data-e-type=\"widget\" data-widget_type=\"text-editor.default\">\n\t\t\t\t\t\t\t\t\t<p>Vous avez une question ou besoin d&#8217;une assistance urgente\u00a0? Notre \u00e9quipe est l\u00e0 pour vous aider, de jour comme de nuit.<\/p>\t\t\t\t\t\t\t\t<\/div>\n\t\t\t\t<div class=\"elementor-element elementor-element-70b3af94 elementor-view-framed elementor-shape-circle elementor-position-block-start elementor-mobile-position-block-start elementor-widget elementor-widget-icon-box\" data-id=\"70b3af94\" data-element_type=\"widget\" data-e-type=\"widget\" data-widget_type=\"icon-box.default\">\n\t\t\t\t\t\t\t<div class=\"elementor-icon-box-wrapper\">\n\n\t\t\t\t\t\t<div class=\"elementor-icon-box-icon\">\n\t\t\t\t<span  class=\"elementor-icon\">\n\t\t\t\t<i aria-hidden=\"true\" class=\"jki jki-phone-call-line\"><\/i>\t\t\t\t<\/span>\n\t\t\t<\/div>\n\t\t\t\n\t\t\t\t\t\t<div class=\"elementor-icon-box-content\">\n\n\t\t\t\t\t\t\t\t\t<h3 class=\"elementor-icon-box-title\">\n\t\t\t\t\t\t<span  >\n\t\t\t\t\t\t\tT\u00e9l\u00e9phone\t\t\t\t\t\t<\/span>\n\t\t\t\t\t<\/h3>\n\t\t\t\t\n\t\t\t\t\t\t\t\t\t<p class=\"elementor-icon-box-description\">\n\t\t\t\t\t\t0189706107\t\t\t\t\t<\/p>\n\t\t\t\t\n\t\t\t<\/div>\n\t\t\t\n\t\t<\/div>\n\t\t\t\t\t\t<\/div>\n\t\t\t\t\t<\/div>\n\t\t<\/div>\n\t\t\t\t\t<\/div>\n\t\t<\/section>\n\t\t\t\t<section class=\"elementor-section elementor-top-section elementor-element elementor-element-67ee8184 elementor-reverse-mobile elementor-section-boxed elementor-section-height-default elementor-section-height-default\" data-id=\"67ee8184\" data-element_type=\"section\" data-e-type=\"section\">\n\t\t\t\t\t\t\t<div class=\"elementor-background-overlay\"><\/div>\n\t\t\t\t\t\t\t<div class=\"elementor-container elementor-column-gap-no\">\n\t\t\t\t\t<div class=\"elementor-column elementor-col-50 elementor-top-column elementor-element elementor-element-2bef9cab\" data-id=\"2bef9cab\" data-element_type=\"column\" data-e-type=\"column\">\n\t\t\t<div class=\"elementor-widget-wrap elementor-element-populated\">\n\t\t\t\t\t\t<div class=\"elementor-element elementor-element-4d0c9654 elementor-widget elementor-widget-google_maps\" data-id=\"4d0c9654\" data-element_type=\"widget\" data-e-type=\"widget\" data-widget_type=\"google_maps.default\">\n\t\t\t\t\t\t\t<div class=\"elementor-custom-embed\">\n\t\t\t<iframe loading=\"lazy\"\n\t\t\t\t\tsrc=\"https:\/\/maps.google.com\/maps?q=France&#038;t=m&#038;z=10&#038;output=embed&#038;iwloc=near\"\n\t\t\t\t\ttitle=\"France\"\n\t\t\t\t\taria-label=\"France\"\n\t\t\t><\/iframe>\n\t\t<\/div>\n\t\t\t\t\t\t<\/div>\n\t\t\t\t\t<\/div>\n\t\t<\/div>\n\t\t\t\t<div class=\"elementor-column elementor-col-50 elementor-top-column elementor-element elementor-element-2bcd7ca\" data-id=\"2bcd7ca\" data-element_type=\"column\" data-e-type=\"column\">\n\t\t\t<div class=\"elementor-widget-wrap elementor-element-populated\">\n\t\t\t\t\t\t<div class=\"elementor-element elementor-element-3314caf elementor-widget elementor-widget-shortcode\" data-id=\"3314caf\" data-element_type=\"widget\" data-e-type=\"widget\" data-widget_type=\"shortcode.default\">\n\t\t\t\t\t\t\t<div class=\"elementor-shortcode\"> <div class=\"forminator-ui forminator-custom-form forminator-custom-form-261 forminator-design--material  forminator_ajax\" data-forminator-render=\"0\" data-form=\"forminator-module-261\" data-uid=\"69e9e9cb952c6\"><br\/><\/div><form\n\t\t\t\tid=\"forminator-module-261\"\n\t\t\t\tclass=\"forminator-ui forminator-custom-form forminator-custom-form-261 forminator-design--material  forminator_ajax\"\n\t\t\t\tmethod=\"post\"\n\t\t\t\tdata-forminator-render=\"0\"\n\t\t\t\tdata-form-id=\"261\"\n\t\t\t\t data-color-option=\"theme\" data-design=\"material\" data-grid=\"open\" style=\"display: none;\"\n\t\t\t\tdata-uid=\"69e9e9cb952c6\"\n\t\t\t><div role=\"alert\" aria-live=\"polite\" class=\"forminator-response-message forminator-error\" aria-hidden=\"true\"><\/div><div class=\"forminator-row\"><div id=\"name-1\" class=\"forminator-field-name forminator-col forminator-col-6 \"><div class=\"forminator-field\"><label for=\"forminator-field-name-1_69e9e9cb952c6\" id=\"forminator-field-name-1_69e9e9cb952c6-label\" class=\"forminator-label\">Pr\u00e9nom<\/label><input type=\"text\" name=\"name-1\" value=\"\" placeholder=\"\" id=\"forminator-field-name-1_69e9e9cb952c6\" class=\"forminator-input forminator-name--field\" aria-required=\"false\" autocomplete=\"name\" \/><\/div><\/div><div id=\"name-2\" class=\"forminator-field-name forminator-col forminator-col-6 \"><div class=\"forminator-field\"><label for=\"forminator-field-name-2_69e9e9cb952c6\" id=\"forminator-field-name-2_69e9e9cb952c6-label\" class=\"forminator-label\">Nom<\/label><input type=\"text\" name=\"name-2\" value=\"\" placeholder=\"\" id=\"forminator-field-name-2_69e9e9cb952c6\" class=\"forminator-input forminator-name--field\" aria-required=\"false\" autocomplete=\"name\" \/><\/div><\/div><\/div><div class=\"forminator-row\"><div id=\"email-1\" class=\"forminator-field-email forminator-col forminator-col-6 \"><div class=\"forminator-field\"><label for=\"forminator-field-email-1_69e9e9cb952c6\" id=\"forminator-field-email-1_69e9e9cb952c6-label\" class=\"forminator-label\">Adresse e-mail<\/label><input type=\"email\" name=\"email-1\" value=\"\" placeholder=\"\" id=\"forminator-field-email-1_69e9e9cb952c6\" class=\"forminator-input forminator-email--field\" data-required=\"\" aria-required=\"false\" autocomplete=\"email\" \/><\/div><\/div><div id=\"phone-1\" class=\"forminator-field-phone forminator-col forminator-col-6 \"><div class=\"forminator-field\"><label for=\"forminator-field-phone-1_69e9e9cb952c6\" id=\"forminator-field-phone-1_69e9e9cb952c6-label\" class=\"forminator-label\">T\u00e9l\u00e9phone<\/label><input type=\"text\" name=\"phone-1\" value=\"\" placeholder=\"\" id=\"forminator-field-phone-1_69e9e9cb952c6\" class=\"forminator-input forminator-field--phone\" data-required=\"\" aria-required=\"false\" autocomplete=\"off\" \/><\/div><\/div><\/div><div class=\"forminator-row\"><div id=\"textarea-1\" class=\"forminator-field-textarea forminator-col forminator-col-12 \"><div class=\"forminator-field\"><label for=\"forminator-field-textarea-1_69e9e9cb952c6\" id=\"forminator-field-textarea-1_69e9e9cb952c6-label\" class=\"forminator-label\">Message<\/label><textarea name=\"textarea-1\" placeholder=\"\" id=\"forminator-field-textarea-1_69e9e9cb952c6\" class=\"forminator-textarea\" rows=\"6\" style=\"--forminator-textarea-min-height:140px;\" ><\/textarea><\/div><\/div><\/div><input type=\"hidden\" name=\"referer_url\" value=\"\" \/><div class=\"forminator-row forminator-row-last\"><div class=\"forminator-col\"><div class=\"forminator-field\"><button class=\"forminator-button forminator-button-submit\"><span>Submit<\/span><span aria-hidden=\"true\"><\/span><\/button><\/div><\/div><\/div><input type=\"hidden\" id=\"forminator_nonce\" name=\"forminator_nonce\" value=\"a9f996c996\" \/><input type=\"hidden\" name=\"_wp_http_referer\" value=\"\/index.php\/wp-json\/wp\/v2\/pages\/104\" \/><input type=\"hidden\" name=\"form_id\" value=\"261\"><input type=\"hidden\" name=\"page_id\" value=\"104\"><input type=\"hidden\" name=\"form_type\" value=\"default\"><input type=\"hidden\" name=\"current_url\" value=\"https:\/\/artisan-depannage24-7.com\/index.php\/nous-contacter\/\"><input type=\"hidden\" name=\"render_id\" value=\"0\"><input type=\"hidden\" name=\"action\" value=\"forminator_submit_form_custom-forms\"><\/form> <\/div>\n\t\t\t\t\t\t<\/div>\n\t\t\t\t\t<\/div>\n\t\t<\/div>\n\t\t\t\t\t<\/div>\n\t\t<\/section>\n\t\t\t\t<\/div>\n\t\t","protected":false},"excerpt":{"rendered":"<p>Contactez-nous Besoin d&#8217;aide\u00a0? Contactez Artisan Locksmith Vous avez une question ou besoin d&#8217;une assistance urgente\u00a0? Notre \u00e9quipe est l\u00e0 pour vous aider, de jour comme de nuit. T\u00e9l\u00e9phone 0189706107<\/p>\n","protected":false},"author":2,"featured_media":0,"parent":0,"menu_order":0,"comment_status":"closed","ping_status":"closed","template":"elementor_header_footer","meta":{"footnotes":""},"class_list":["post-104","page","type-page","status-publish","hentry"],"_links":{"self":[{"href":"https:\/\/artisan-depannage24-7.com\/index.php\/wp-json\/wp\/v2\/pages\/104","targetHints":{"allow":["GET"]}}],"collection":[{"href":"https:\/\/artisan-depannage24-7.com\/index.php\/wp-json\/wp\/v2\/pages"}],"about":[{"href":"https:\/\/artisan-depannage24-7.com\/index.php\/wp-json\/wp\/v2\/types\/page"}],"author":[{"embeddable":true,"href":"https:\/\/artisan-depannage24-7.com\/index.php\/wp-json\/wp\/v2\/users\/2"}],"replies":[{"embeddable":true,"href":"https:\/\/artisan-depannage24-7.com\/index.php\/wp-json\/wp\/v2\/comments?post=104"}],"version-history":[{"count":46,"href":"https:\/\/artisan-depannage24-7.com\/index.php\/wp-json\/wp\/v2\/pages\/104\/revisions"}],"predecessor-version":[{"id":581,"href":"https:\/\/artisan-depannage24-7.com\/index.php\/wp-json\/wp\/v2\/pages\/104\/revisions\/581"}],"wp:attachment":[{"href":"https:\/\/artisan-depannage24-7.com\/index.php\/wp-json\/wp\/v2\/media?parent=104"}],"curies":[{"name":"wp","href":"https:\/\/api.w.org\/{rel}","templated":true}]}}